{"id":794,"date":"2021-10-12T14:30:03","date_gmt":"2021-10-12T14:30:03","guid":{"rendered":"https:\/\/karin-theiss.com\/?page_id=794"},"modified":"2022-03-17T12:23:33","modified_gmt":"2022-03-17T12:23:33","slug":"uber-mich-copy-copy","status":"publish","type":"page","link":"http:\/\/karin-theiss.com\/?page_id=794","title":{"rendered":"das coaching"},"content":{"rendered":"<section class=\"wpb-content-wrapper\"><p>[vc_row el_class=&#8220;top-row&#8220;][vc_column width=&#8220;1\/2&#8243;][vc_empty_space height=&#8220;100px&#8220;][vc_custom_heading text=&#8220;das coaching mit dem clownesken AugenBlick&#8220; font_container=&#8220;tag:h1|text_align:left&#8220; use_theme_fonts=&#8220;yes&#8220; el_class=&#8220;page-title&#8220; css=&#8220;.vc_custom_1634049211850{padding-bottom: 20px !important;}&#8220;][vc_column_text]Mit dem clownesken Blick L\u00f6sungen und neue Betrachtungsweisen finden f\u00fcr Situationen, die belasten oder ver\u00e4ndert werden wollen.<\/p>\n<p><strong>Der &#8222;Clowneske Blick&#8220; bedeutet, <\/strong>dass ich mich entscheide, auf die mich belastende Situation, auf das Was-ist so zu &#8222;blicken&#8220;, als s\u00e4he ich sie zum ersten Mal und w\u00fcsste nicht, was sie ist und was sie bedeutet. &#8211; Ich setze bewusst f\u00fcr einen Moment mein Wissen und meine Konzepte, Haltungen und Wertungen aus. &#8211; Da ich Mensch bin, bin ich &#8222;nat\u00fcrlich&#8220; neugierig. Und ich fange an, die Stituation, das Was-ist anzugreifen, zu untersuchen, zu schauen: Was l\u00e4sst sich alles damit anstellen! &#8211; Ich spiele also.<\/p>\n<p><strong>Daraus ergibt sich<\/strong><\/p>\n<ul>\n<li>zuallererst und immer: Freude. Gerne verkleidet als Erleichterung.<\/li>\n<li>allermeistens auch: ein Blick-Wechsel mit der daraus entstehenden M\u00f6glichkeit eines anderen Umganges.<\/li>\n<li>oft genug: die L\u00f6sung.<\/li>\n<li>in jedem Fall aber: die Aktivierung unserer Kreativit\u00e4t, der Meisterin aller L\u00f6sungen.<\/li>\n<\/ul>\n<p><strong>Und. Wir sind Wunder.<\/strong> Wenn wir unser Wunder-sein wunderlich nutzen und uns wundervoll wundernd wundern, dann zeigen sich wunderbarerweise verwunderliche wunderbare Wege! Wie wunderbar![\/vc_column_text][vc_empty_space height=&#8220;100px&#8220; el_class=&#8220;mobile-hidden&#8220;][vc_empty_space height=&#8220;100px&#8220; el_class=&#8220;mobile-hidden&#8220;][\/vc_column][vc_column width=&#8220;1\/2&#8243;][vc_empty_space height=&#8220;100px&#8220; el_class=&#8220;mobile-hidden&#8220;][vc_single_image image=&#8220;796&#8243; img_size=&#8220;full&#8220; alignment=&#8220;center&#8220; el_class=&#8220;image-bordered&#8220;][vc_empty_space height=&#8220;50px&#8220; el_class=&#8220;mobile-hidden&#8220;][vc_column_text]<strong>Ich biete das an, denn<\/strong> ich gebe mich seit Jahrzehnten nicht nur der Clownerie hin, sondern auch dem An-sich-Mensch-Sein. Ich tue und tat das in Form einer Ausbildung zur Diplomsozialarbeiterin, Arbeitserfahrungen im sozialp\u00e4dagogischen, Freizeit-, Schul- und au\u00dferschulischem Bereich, mit zahlreichen Beratungen und Begleitungen von Kindern, Jugendlichen, Eltern und Familien, mit und ohne Fluchthintergrund im Einzel- oder Gruppenkontext.<\/p>\n<p><strong>Es ist ein Angebot f\u00fcr <\/strong>Menschen und Situationen, die sich einem belastenden undoderauch kniffligen Umstand gegen\u00fcbersehen, dem sie mit dem clownesken AugenBlick eine erfrischende undoder auch liebevolle Wendung geben m\u00f6chten.<\/p>\n<p><strong>Eine Stunde Coaching <\/strong>biete ich f\u00fcr \u20ac 70,- an.<br \/>\nBei Eng- und Knapp-Finanzlage bitte gerne mich ansprechen.<\/p>\n<p><strong>Ich freue mich<\/strong> auf das gemeinsame Begehen liebevoll erfrischender Wege![\/vc_column_text][\/vc_column][\/vc_row][vc_row][vc_column][vc_empty_space height=&#8220;100px&#8220;][\/vc_column][\/vc_row]<\/p>\n<\/section>","protected":false},"excerpt":{"rendered":"<p>[vc_row el_class=&#8220;top-row&#8220;][vc_column width=&#8220;1\/2&#8243;][vc_empty_space height=&#8220;100px&#8220;][vc_custom_heading text=&#8220;das coaching mit dem clownesken AugenBlick&#8220; font_container=&#8220;tag:h1|text_align:left&#8220; use_theme_fonts=&#8220;yes&#8220; el_class=&#8220;page-title&#8220; css=&#8220;.vc_custom_1634049211850{padding-bottom: 20px !important;}&#8220;][vc_column_text]Mit dem clownesken Blick L\u00f6sungen und neue Betrachtungsweisen finden f\u00fcr Situationen, die belasten oder ver\u00e4ndert werden wollen. Der &#8222;Clowneske Blick&#8220; bedeutet, dass ich mich entscheide, auf die mich belastende Situation, auf das Was-ist so zu &#8222;blicken&#8220;, als s\u00e4he ich sie &hellip; <a href=\"http:\/\/karin-theiss.com\/?page_id=794\">Continued<\/a><\/p>\n","protected":false},"author":2,"featured_media":0,"parent":0,"menu_order":0,"comment_status":"closed","ping_status":"closed","template":"","meta":{"_acf_changed":false,"footnotes":""},"class_list":["post-794","page","type-page","status-publish","hentry"],"acf":[],"yoast_head":"<!-- This site is optimized with the Yoast SEO plugin v25.1 - https:\/\/yoast.com\/wordpress\/plugins\/seo\/ -->\n<title>das coaching - Karin Theiss<\/title>\n<meta name=\"description\" content=\"Die Clownin gibt es seit 2001.\" \/>\n<meta name=\"robots\" content=\"index, follow, max-snippet:-1, max-image-preview:large, max-video-preview:-1\" \/>\n<link rel=\"canonical\" href=\"https:\/\/karin-theiss.com\/?page_id=794\" \/>\n<meta property=\"og:locale\" content=\"de_DE\" \/>\n<meta property=\"og:type\" content=\"article\" \/>\n<meta property=\"og:title\" content=\"das coaching - Karin Theiss\" \/>\n<meta property=\"og:description\" content=\"Die Clownin gibt es seit 2001.\" \/>\n<meta property=\"og:url\" content=\"https:\/\/karin-theiss.com\/?page_id=794\" \/>\n<meta property=\"og:site_name\" content=\"Karin Theiss\" \/>\n<meta property=\"article:modified_time\" content=\"2022-03-17T12:23:33+00:00\" \/>\n<meta name=\"twitter:card\" content=\"summary_large_image\" \/>\n<meta name=\"twitter:label1\" content=\"Gesch\u00e4tzte Lesezeit\" \/>\n\t<meta name=\"twitter:data1\" content=\"2\u00a0Minuten\" \/>\n<script type=\"application\/ld+json\" class=\"yoast-schema-graph\">{\"@context\":\"https:\/\/schema.org\",\"@graph\":[{\"@type\":\"WebPage\",\"@id\":\"https:\/\/karin-theiss.com\/?page_id=794\",\"url\":\"https:\/\/karin-theiss.com\/?page_id=794\",\"name\":\"das coaching - Karin Theiss\",\"isPartOf\":{\"@id\":\"http:\/\/karin-theiss.com\/#website\"},\"datePublished\":\"2021-10-12T14:30:03+00:00\",\"dateModified\":\"2022-03-17T12:23:33+00:00\",\"description\":\"Die Clownin gibt es seit 2001.\",\"breadcrumb\":{\"@id\":\"https:\/\/karin-theiss.com\/?page_id=794#breadcrumb\"},\"inLanguage\":\"de\",\"potentialAction\":[{\"@type\":\"ReadAction\",\"target\":[\"https:\/\/karin-theiss.com\/?page_id=794\"]}]},{\"@type\":\"BreadcrumbList\",\"@id\":\"https:\/\/karin-theiss.com\/?page_id=794#breadcrumb\",\"itemListElement\":[{\"@type\":\"ListItem\",\"position\":1,\"name\":\"Home\",\"item\":\"http:\/\/karin-theiss.com\/\"},{\"@type\":\"ListItem\",\"position\":2,\"name\":\"das coaching\"}]},{\"@type\":\"WebSite\",\"@id\":\"http:\/\/karin-theiss.com\/#website\",\"url\":\"http:\/\/karin-theiss.com\/\",\"name\":\"Karin Theiss\",\"description\":\"Clownin &amp; Lehrerin\",\"publisher\":{\"@id\":\"http:\/\/karin-theiss.com\/#\/schema\/person\/9363760951dd4754c7015ef59b653c85\"},\"potentialAction\":[{\"@type\":\"SearchAction\",\"target\":{\"@type\":\"EntryPoint\",\"urlTemplate\":\"http:\/\/karin-theiss.com\/?s={search_term_string}\"},\"query-input\":{\"@type\":\"PropertyValueSpecification\",\"valueRequired\":true,\"valueName\":\"search_term_string\"}}],\"inLanguage\":\"de\"},{\"@type\":[\"Person\",\"Organization\"],\"@id\":\"http:\/\/karin-theiss.com\/#\/schema\/person\/9363760951dd4754c7015ef59b653c85\",\"name\":\"Karin Theiss\",\"logo\":{\"@id\":\"http:\/\/karin-theiss.com\/#\/schema\/person\/image\/\"},\"sameAs\":[\"http:\/\/karin-theiss.com\"]}]}<\/script>\n<!-- \/ Yoast SEO plugin. -->","yoast_head_json":{"title":"das coaching - Karin Theiss","description":"Die Clownin gibt es seit 2001.","robots":{"index":"index","follow":"follow","max-snippet":"max-snippet:-1","max-image-preview":"max-image-preview:large","max-video-preview":"max-video-preview:-1"},"canonical":"https:\/\/karin-theiss.com\/?page_id=794","og_locale":"de_DE","og_type":"article","og_title":"das coaching - Karin Theiss","og_description":"Die Clownin gibt es seit 2001.","og_url":"https:\/\/karin-theiss.com\/?page_id=794","og_site_name":"Karin Theiss","article_modified_time":"2022-03-17T12:23:33+00:00","twitter_card":"summary_large_image","twitter_misc":{"Gesch\u00e4tzte Lesezeit":"2\u00a0Minuten"},"schema":{"@context":"https:\/\/schema.org","@graph":[{"@type":"WebPage","@id":"https:\/\/karin-theiss.com\/?page_id=794","url":"https:\/\/karin-theiss.com\/?page_id=794","name":"das coaching - Karin Theiss","isPartOf":{"@id":"http:\/\/karin-theiss.com\/#website"},"datePublished":"2021-10-12T14:30:03+00:00","dateModified":"2022-03-17T12:23:33+00:00","description":"Die Clownin gibt es seit 2001.","breadcrumb":{"@id":"https:\/\/karin-theiss.com\/?page_id=794#breadcrumb"},"inLanguage":"de","potentialAction":[{"@type":"ReadAction","target":["https:\/\/karin-theiss.com\/?page_id=794"]}]},{"@type":"BreadcrumbList","@id":"https:\/\/karin-theiss.com\/?page_id=794#breadcrumb","itemListElement":[{"@type":"ListItem","position":1,"name":"Home","item":"http:\/\/karin-theiss.com\/"},{"@type":"ListItem","position":2,"name":"das coaching"}]},{"@type":"WebSite","@id":"http:\/\/karin-theiss.com\/#website","url":"http:\/\/karin-theiss.com\/","name":"Karin Theiss","description":"Clownin &amp; Lehrerin","publisher":{"@id":"http:\/\/karin-theiss.com\/#\/schema\/person\/9363760951dd4754c7015ef59b653c85"},"potentialAction":[{"@type":"SearchAction","target":{"@type":"EntryPoint","urlTemplate":"http:\/\/karin-theiss.com\/?s={search_term_string}"},"query-input":{"@type":"PropertyValueSpecification","valueRequired":true,"valueName":"search_term_string"}}],"inLanguage":"de"},{"@type":["Person","Organization"],"@id":"http:\/\/karin-theiss.com\/#\/schema\/person\/9363760951dd4754c7015ef59b653c85","name":"Karin Theiss","logo":{"@id":"http:\/\/karin-theiss.com\/#\/schema\/person\/image\/"},"sameAs":["http:\/\/karin-theiss.com"]}]}},"_links":{"self":[{"href":"http:\/\/karin-theiss.com\/index.php?rest_route=\/wp\/v2\/pages\/794","targetHints":{"allow":["GET"]}}],"collection":[{"href":"http:\/\/karin-theiss.com\/index.php?rest_route=\/wp\/v2\/pages"}],"about":[{"href":"http:\/\/karin-theiss.com\/index.php?rest_route=\/wp\/v2\/types\/page"}],"author":[{"embeddable":true,"href":"http:\/\/karin-theiss.com\/index.php?rest_route=\/wp\/v2\/users\/2"}],"replies":[{"embeddable":true,"href":"http:\/\/karin-theiss.com\/index.php?rest_route=%2Fwp%2Fv2%2Fcomments&post=794"}],"version-history":[{"count":10,"href":"http:\/\/karin-theiss.com\/index.php?rest_route=\/wp\/v2\/pages\/794\/revisions"}],"predecessor-version":[{"id":932,"href":"http:\/\/karin-theiss.com\/index.php?rest_route=\/wp\/v2\/pages\/794\/revisions\/932"}],"wp:attachment":[{"href":"http:\/\/karin-theiss.com\/index.php?rest_route=%2Fwp%2Fv2%2Fmedia&parent=794"}],"curies":[{"name":"wp","href":"https:\/\/api.w.org\/{rel}","templated":true}]}}